ulate the remainder when 2422 is divided by 2396.
26
Calculate the remainder when 229149 is divided by 84.
81
What is the remainder when 190222 is divided by 48?
46
Calculate the remainder when 2592321 is divided by 162.
159
What is the remainder when 24108 is divided by 8000?
108
What is the remainder when 14096 is divided by 6979?
138
What is the remainder when 2355 is divided by 42?
3
Calculate the remainder when 17580 is divided by 5803.
171
What is the remainder when 17479 is divided by 123?
13
What is the remainder when 105040 is divided by 35003?
31
Calculate the remainder when 20670 is divided by 6881.
27
What is the remainder when 32508 is divided by 625?
8
Calculate the remainder when 22615 is divided by 1507.
10
What is the remainder when 65005 is divided by 478?
475
Calculate the remainder when 6134398 is divided by 675.
673
What is the remainder when 19228 is divided by 34?
18
Calculate the remainder when 269150 is divided by 104.
102
What is the remainder when 237808 is divided by 6?
4
What is the remainder when 97172 is divided by 7?
5
What is the remainder when 126364 is divided by 63174?
16
What is the remainder when 1254695 is divided by 176?
167
What is the remainder when 606544 is divided by 70?
64
What is the remainder when 3045 is divided by 737?
97
Calculate the remainder when 19666 is divided by 2397.
490
Calculate the remainder when 81438 is divided by 27146.
0
What is the remainder when 8777 is divided by 133?
132
What is the remainder when 2121 is divided by 485?
181
Calculate the remainder when 64413 is divided by 327.
321
What is the remainder when 51915 is divided by 2595?
15
What is the remainder when 88970 is divided by 12?
2
What is the remainder when 23577 is divided by 58?
29
Calculate the remainder when 1298 is divided by 604.
90
Calculate the remainder when 278156 is divided by 114.
110
Calculate the remainder when 1261295 is divided by 57.
56
Calculate the remainder when 654283 is divided by 1158.
13
What is the remainder when 30365 is divided by 10117?
14
What is the remainder when 7528 is divided by 512?
360
What is the remainder when 18066 is divided by 103?
41
What is the remainder when 154181 is divided by 958?
901
Calculate the remainder when 284 is divided by 37.
25
Calculate the remainder when 104330 is divided by 324.
2
What is the remainder when 29421 is divided by 102?
45
What is the remainder when 88376 is divided by 78?
2
What is the remainder when 250584 is divided by 82?
74
What is the remainder when 1163127 is divided by 566?
563
Calculate the remainder when 402547 is divided by 87.
85
What is the remainder when 428072 is divided by 414?
410
What is the remainder when 4162 is divided by 242?
48
What is the remainder when 17791 is divided by 2223?
7
What is the remainder when 75165 is divided by 8?
5
What is the remainder when 13137 is divided by 73?
70
What is the remainder when 2261 is divided by 1797?
464
Calculate the remainder when 501499 is divided by 501.
499
What is the remainder when 11836 is divided by 42?
34
Calculate the remainder when 22195 is divided by 5543.
23
Calculate the remainder when 359519 is divided by 336.
335
Calculate the remainder when 79981 is divided by 39981.
19
What is the remainder when 192849 is divided by 22?
19
Calculate the remainder when 1319 is divided by 67.
46
What is the remainder when 167786 is divided by 164?
14
Calculate the remainder when 407280 is divided by 57.
15
What is the remainder when 22905 is divided by 12?
9
What is the remainder when 40756 is divided by 79?
71
Calculate the remainder when 2977 is divided by 449.
283
What is the remainder when 221759 is divided by 336?
335
Calculate the remainder when 10699 is divided by 1779.
25
What is the remainder when 11475 is divided by 1432?
19
What is the remainder when 618 is divided by 583?
35
What is the remainder when 74980 is divided by 13?
9
Calculate the remainder when 20978 is divided by 5241.
14
What is the remainder when 20601 is divided by 204?
201
Calculate the remainder when 22373 is divided by 1250.
1123
Calculate the remainder when 11649 is divided by 724.
65
Calculate the remainder when 50376 is divided by 54.
48
Calculate the remainder when 141396 is divided by 23.
15
What is the remainder when 2421833 is divided by 26?
11
Calculate the remainder when 127385 is divided by 378.
377
What is the remainder when 8982400 is divided by 627?
625
What is the remainder when 921830 is divided by 122?
120
What is the remainder when 35092 is divided by 98?
8
What is the remainder when 21140 is divided by 2301?
431
What is the remainder when 624748 is divided by 170?
168
Calculate the remainder when 86578 is divided by 158.
152
What is the remainder when 49753 is divided by 92?
73
What is the remainder when 27707 is divided by 5541?
2
What is the remainder when 563954 is divided by 1488?
2
What is the remainder when 173487 is divided by 11565?
12
Calculate the remainder when 7300 is divided by 29.
21
What is the remainder when 5753 is divided by 96?
89
Calculate the remainder when 8215 is divided by 1360.
55
Calculate the remainder when 3406 is divided by 244.
234
What is the remainder when 373089 is divided by 1069?
8
What is the remainder when 32142 is divided by 47?
41
What is the remainder when 195539 is divided by 6?
5
What is the remainder when 1327783 is divided by 1905?
1903
What is the remainder when 9886 is divided by 340?
26
Calculate the remainder when 100095 is divided by 550.
545
Calculate the remainder when 5344 is divided by 2228.
888
What is the remainder when 117706 is divided by 381?
358
Calculate the remainder when 107086 is divided by 173.
172
What is the remainder when 141354 is divided by 70668?
18
Calculate the remainder when 2796072 is divided by 1275.
1272
Calculate the remainder when 25339 is divided by 20.
19
What is the remainder when 4242 is divided by 5?
2
Calculate the remainder when 2144 is divided by 692.
68
What is the remainder when 43117 is divided by 140?
137
Calculate the remainder when 82426 is divided by 8.
2
What is the remainder when 12998 is divided by 30?
8
Calculate the remainder when 499775 is divided by 80.
15
What is the remainder when 50438 is divided by 25192?
54
What is the remainder when 1407775 is divided by 8?
7
What is the remainder when 23464 is divided by 1116?
28
Calculate the remainder when 4875 is divided by 181.
169
Calculate the remainder when 195584 is divided by 255.
254
Calculate the remainder when 290622 is divided by 194.
10
What is the remainder when 10036 is divided by 501?
16
Calculate the remainder when 80640 is divided by 1967.
1960
Calculate the remainder when 18541 is divided by 2.
1
What is the remainder when 10066 is divided by 32?
18
What is the remainder when 199947 is divided by 66632?
51
Calculate the remainder when 474 is divided by 300.
174
What is the remainder when 11347 is divided by 241?
20
Calculate the remainder when 1498 is divided by 1213.
285
Calculate the remainder when 3994 is divided by 167.
153
Calculate the remainder when 55200 is divided by 630.
390
What is the remainder when 119142 is divided by 17020?
2
Calculate the remainder when 79039 is divided by 154.
37
What is the remainder when 27135 is divided by 24?
15
What is the remainder when 22523 is divided by 4238?
1333
Calculate the remainder when 7692 is divided by 3778.
136
Calculate the remainder when 4553 is divided by 124.
89
What is the remainder when 9691 is divided by 41?
15
What is the remainder when 10953 is divided by 215?
203
Calculate the remainder when 18806 is divided by 514.
302
Calculate the remainder when 490265 is divided by 9.
8
What is the remainder when 19023 is divided by 96?
15
What is the remainder when 19749 is divided by 308?
37
What is the remainder when 57020 is divided by 613?
11
Calculate the remainder when 53514 is divided by 491.
486
What is the remainder when 1668627 is divided by 353?
349
Calculate the remainder when 12999 is divided by 107.
52
Calculate the remainder when 16980 is divided by 153.
150
Calculate the remainder when 2529403 is divided by 316175.
3
What is the remainder when 1730 is divided by 94?
38
Calculate the remainder when 38344 is divided by 59.
53
Calculate the remainder when 789065 is